ors of 206023834.
2, 23, 4478779
What are the prime factors of 17676307?
11, 311, 5167
List the prime factors of 161663321.
161663321
List the prime factors of 5899132902.
2, 3, 13, 47, 1609147
List the prime factors of 94703321.
7919, 11959
List the prime factors of 2577875837.
21739, 118583
What are the prime factors of 2899520166?
2, 3, 29, 2753, 6053
List the prime factors of 359152401.
3, 119717467
List the prime factors of 5457186893.
5457186893
List the prime factors of 848941585.
5, 181, 938057
List the prime factors of 67636896.
2, 3, 704551
List the prime factors of 38888738.
2, 7, 2777767
What are the prime factors of 301023106?
2, 150511553
List the prime factors of 1568692367.
11, 37, 3854281
What are the prime factors of 648851422?
2, 1321, 245591
List the prime factors of 297186506.
2, 148593253
What are the prime factors of 1391164690?
2, 5, 4603, 30223
List the prime factors of 46733079.
3, 23, 127, 5333
List the prime factors of 2440604368.
2, 152537773
List the prime factors of 149464363.
149464363
List the prime factors of 472299530.
2, 5, 19, 43, 57809
What are the prime factors of 48319052?
2, 19, 635777
List the prime factors of 437050312.
2, 19, 2875331
What are the prime factors of 60673415?
5, 11, 83, 13291
List the prime factors of 231190081.
19, 53, 229583
What are the prime factors of 39394785?
3, 5, 2626319
What are the prime factors of 41334540?
2, 3, 5, 13, 197, 269
What are the prime factors of 274510124?
2, 7, 9803933
What are the prime factors of 1283675464?
2, 160459433
What are the prime factors of 33137348?
2, 37, 41, 43, 127
What are the prime factors of 6139022544?
2, 3, 449, 94949
List the prime factors of 48190786.
2, 7, 439, 7841
List the prime factors of 408796708.
2, 102199177
List the prime factors of 74138729.
7, 23, 61, 7549
What are the prime factors of 451781470?
2, 5, 7, 37, 24919
What are the prime factors of 10561574?
2, 43, 127, 967
List the prime factors of 22686838.
2, 1301, 8719
List the prime factors of 433472682.
2, 3, 449, 160903
List the prime factors of 2469357073.
23, 157, 683843
List the prime factors of 750987650.
2, 5, 7, 337, 6367
List the prime factors of 588235491.
3, 2711, 24109
List the prime factors of 141541791.
3, 47180597
List the prime factors of 31670539.
73, 467, 929
What are the prime factors of 68122653?
3, 29, 783019
List the prime factors of 3408184985.
5, 61, 613, 18229
What are the prime factors of 455634578?
2, 7, 17, 701, 2731
List the prime factors of 130732819.
7, 18676117
What are the prime factors of 292250?
2, 5, 7, 167
List the prime factors of 176051554.
2, 7, 1499, 8389
What are the prime factors of 16148338?
2, 89, 257, 353
List the prime factors of 52672172.
2, 7, 227, 8287
List the prime factors of 704313.
3, 139, 563
List the prime factors of 1661499029.
17, 61, 359, 4463
List the prime factors of 841815678.
2, 3, 11, 12754783
List the prime factors of 84067595.
5, 16813519
What are the prime factors of 26344570?
2, 5, 7, 376351
List the prime factors of 1748719743.
3, 43, 13555967
What are the prime factors of 157490605?
5, 103, 2969
What are the prime factors of 1888923051?
3, 69960113
List the prime factors of 1128947366.
2, 564473683
List the prime factors of 89449522.
2, 179, 249859
List the prime factors of 282484883.
282484883
List the prime factors of 1155156334.
2, 577578167
What are the prime factors of 1255015299?
3, 418338433
List the prime factors of 142096310.
2, 5, 14209631
What are the prime factors of 1478855886?
2, 3, 23, 37, 59, 4909
What are the prime factors of 105351355?
5, 677, 31123
List the prime factors of 196901729.
7307, 26947
What are the prime factors of 6045127000?
2, 5, 11, 53, 10369
What are the prime factors of 341864238?
2, 3, 29, 37, 53101
What are the prime factors of 205266002?
2, 29, 919, 3851
What are the prime factors of 144476668?
2, 7, 5159881
What are the prime factors of 64452141?
3, 13, 23, 43, 557
What are the prime factors of 1044691745?
5, 53, 643, 6131
List the prime factors of 251533655.
5, 4021, 12511
What are the prime factors of 16863301?
7, 13, 23, 1151
What are the prime factors of 641713688?
2, 7, 11, 17, 233, 263
What are the prime factors of 1508872798?
2, 283, 941, 2833
List the prime factors of 265472227.
265472227
List the prime factors of 86149802.
2, 43074901
What are the prime factors of 563374738?
2, 19, 643, 23057
What are the prime factors of 25944107?
7, 3706301
What are the prime factors of 305862858?
2, 3, 7, 691, 1171
List the prime factors of 217116082.
2, 4201, 25841
What are the prime factors of 2038076229?
3, 7, 17, 71, 80407
List the prime factors of 3299670427.
179, 821, 22453
What are the prime factors of 451696563?
3, 23, 2182109
What are the prime factors of 51149301?
3, 7, 29, 47, 1787
List the prime factors of 34812072.
2, 3, 161167
What are the prime factors of 3711098271?
3, 443, 2792399
List the prime factors of 53972071.
163, 263, 1259
List the prime factors of 55275910.
2, 5, 5527591
What are the prime factors of 1359783234?
2, 3, 79, 318749
What are the prime factors of 670246618?
2, 113, 2965693
What are the prime factors of 585529602?
2, 3, 7, 13941181
List the prime factors of 34085494.
2, 23, 740989
List the prime factors of 49287038.
2, 24643519
What are the prime factors of 3708646940?
2, 5, 185432347
List the prime factors of 547051053.
3, 109, 1672939
What are the prime factors of 241262546?
2, 7, 17233039
What are the prime factors of 360051781?
360051781
What are the prime factors of 4803575?
5, 7, 27449
What are the prime factors of 1860185763?
3, 68895769
List the prime factors of 2451331050.
2, 3, 5, 7, 521, 4481
What are the prime factors of 404823889?
404823889
What are the prime factors of 2660864?
2, 5197
What are the prime factors of 51221043?
3, 83, 191, 359
What are the prime factors of 2003899159?
29, 2011, 34361
List the prime factors of 101561902.
2, 13, 487, 617
What are the prime factors of 1709883667?
1709883667
List the prime factors of 2911436636.
2, 727859159
List the prime factors of 4703350512.
2, 3, 7, 127, 110221
What are the prime factors of 1028578584?
2, 3, 11, 23, 61, 2777
List the prime factors of 943192776.
2, 3, 17, 2311747
List the prime factors of 15668581.
15668581
What are the prime factors of 740345861?
740345861
What are the prime factors of 436549598?
2, 218274799
List the prime factors of 2933164930.
2, 5, 23, 79, 109, 1481
List the prime factors of 2962828548.
2, 3, 82300793
What are the prime factors of 201429889?
17, 167, 70951
List the prime factors of 39013062.
2, 3, 11, 17, 29, 109
What are the prime factors of 3619386552?
2, 3, 1949, 77377
What are the prime factors of 94412014?
2, 47206007
List the prime factors of 537336398.
2, 211, 1273309
List the prime factors of 4013746792.
2, 11, 45610759
What are the prime factors of 22942990?
2, 5, 7, 327757
What are the prime factors of 186983331?
3, 59, 163, 6481
List the prime factors of 34945139.
887, 39397
What are the prime factors of 166602543?
3, 55534181
List the prime factors of 733626382.
2, 61, 6013331
List the prime factors of 2179922127.
3, 139, 5227631
What are the prime factors of 17932247?
43, 101, 4129
What are the prime factors of 58738461?
3, 19579487
What are the prime factors of 1042285639?
643, 1620973
What are the prime factors of 590827627?
13, 179, 253901
List the prime factors of 557439574.
2, 89, 137, 22859
What are the prime factors of 1768418990?
2, 5, 13, 223, 61001
What are the prime factors of 3626046058?
2, 61, 29721689
What are the prime factors of 1432397?
29, 49393
List the prime factors of 24246967.
127, 190921
What are the prime factors of 12977865?
3, 5, 23, 12539
List the prime factors of 64990674.
2, 3, 7, 223, 257
What are the prime factors of 15197893?
15197893
What are the prime factors of 20737799?
83, 249853
List the prime factors of 2340504210.
2, 3, 5, 11, 644767
What are the prime factors of 21241812?
2, 3, 1770151
List the prime factors of 2264007211.
2264007211
List the prime factors of 522367128.
2, 3, 7255099
What are the prime factors of 97318202?
2, 43, 761, 1487
What are the prime factors of 1248549547?
7, 17, 109, 13751
What are the prime factors of 5009007462?
2, 3, 1787, 467171
List the prime factors